= 4*n**3 + 38*n**2 - 25*n - 57. Determine q(-10).
-7
Let o(s) = s**2 + 46*s - 126. Give o(-50).
74
Let w(p) = -4*p - 260. Calculate w(-19).
-184
Let g(m) = -m**3 + 3*m**2 + 20*m + 13. Determine g(6).
25
Let t(b) = 10*b**2 + 7*b - 29. Give t(4).
159
Let s(f) = -23*f**2 - 3*f - 5. Calculate s(-2).
-91
Let i(w) = w**3 + 52*w**2 - 778*w - 590. Determine i(-64).
50
Let d(f) = 3*f**3 - 51*f**2 - 3*f + 14. Determine d(17).
-37
Let f(h) = -h**3 + 24*h**2 - 37*h + 322. Calculate f(23).
0
Let i(j) = -30*j - 857. What is i(-32)?
103
Let i(n) = 3*n**2 + 30*n + 5. Calculate i(-6).
-67
Let h(b) = 2*b**3 - 7*b**2 - 125*b + 150. Calculate h(-7).
-4
Let v(j) = -174*j - 342. What is v(-2)?
6
Let o(g) = 387*g**2 + 138*g - 139. Calculate o(1).
386
Let i(j) = -j**3 - 3*j**2 - 1064*j - 2123. Determine i(-2).
1
Let a(l) = 17759*l - 230867. Calculate a(13).
0
Let u(g) = -64*g - 573. What is u(-10)?
67
Let h(o) = -194*o - 2872. Calculate h(-14).
-156
Let s(b) = 2*b**3 + 272*b**2 + 6*b + 802. What is s(-136)?
-14
Let w(m) = -4*m**2 + 653*m - 10079. Calculate w(146).
-5
Let s(a) = a**3 - a**2 + 2*a + 186. Determine s(0).
186
Let u(n) = 10*n**3 - 74*n**2 + 89*n - 37. What is u(6)?
-7
Let q(i) = 44*i**3 + 790*i**2 + 6*i + 754. Determine q(-18).
-2
Let o(g) = 11*g**2 - 37*g + 10. Give o(2).
-20
Let k(n) = -709*n + 2872. Calculate k(4).
36
Let z(p) = -18*p**2 - 117*p + 61. What is z(-7)?
-2
Let s(m) = 23*m**2 + 6*m - 51. What is s(4)?
341
Let r(c) = -2*c**3 + 4*c**2 - 6*c - 1. Determine r(-3).
107
Let i(a) = -371*a - 260. Calculate i(-1).
111
Let q(x) = 78*x + 63. Give q(-1).
-15
Let c(x) = -857*x + 29984. Give c(35).
-11
Let j(q) = 53*q + 2388. Give j(-45).
3
Let j(p) = -9*p**2 - 4*p - 22. What is j(5)?
-267
Let v(o) = 25*o**2 - 14*o + 32. What is v(2)?
104
Let s(z) = z**3 + 61*z**2 + 334*z + 169. Give s(-55).
-51
Let i(g) = g**2 + 243*g - 483. What is i(2)?
7
Let i(z) = -966*z - 8687. Calculate i(-9).
7
Let p(g) = -3095*g - 18567. What is p(-6)?
3
Let i(l) = 23*l + 508. Give i(-25).
-67
Let f(u) = -u**3 + 14*u**2 + 233*u - 3117. What is f(13)?
81
Let x(v) = -2233*v + 8929. Calculate x(4).
-3
Let h(d) = 6*d**2 + 4*d - 6. Calculate h(-2).
10
Let v(j) = -1966*j - 3928. What is v(-2)?
4
Let b(o) = -4*o**3 + 4*o**2 + o + 27. Determine b(4).
-161
Let d(w) = -2*w**2 + 3*w - 31. Calculate d(3).
-40
Let n(o) = 28*o + 614. Calculate n(-13).
250
Let l(i) = 2*i**2 + 20*i - 444. Give l(-20).
-44
Let b(n) = -n**3 + 16*n**2 - 26*n + 28. Determine b(15).
-137
Let b(w) = -w**3 - 60*w**2 - 117*w - 64. What is b(-58)?
-6
Let g(m) = -m**2 + 81*m + 338. Determine g(-4).
-2
Let x(r) = 115*r + 13225. What is x(-115)?
0
Let k(t) = -101*t + 606. What is k(6)?
0
Let d(j) = 2*j**2 + 109*j - 89. What is d(-50)?
-539
Let i(n) = 9*n**3 - n**2 - 2*n + 317. What is i(0)?
317
Let z(b) = -2*b**2 + 14*b + 8. What is z(-4)?
-80
Let q(m) = -15*m**3 + 390*m**2 + m - 25. What is q(26)?
1
Let n(o) = o**3 + 20*o - 17. Give n(2).
31
Let r(q) = q**3 - 13*q**2 - 46*q + 459. Determine r(15).
219
Let c(t) = 20*t**2 - 251*t + 42. Determine c(13).
159
Let f(g) = g**3 - 20*g**2 + 31*g + 69. What is f(18)?
-21
Let r(q) = 2*q**3 - 80*q**2 - 3*q + 103. Give r(40).
-17
Let l(y) = y**3 - 26*y**2 - 60*y + 12. Calculate l(28).
-100
Let b(t) = -2*t**3 - 12*t**2 + 25*t - 496. Calculate b(-10).
54
Let o(i) = 301*i - 294. Give o(1).
7
Let b(m) = m**3 - 2*m**2 - 17*m + 16. Give b(4).
-20
Let j(x) = -355*x - 1008. Give j(-3).
57
Let d(a) = 2488*a + 17450. What is d(-7)?
34
Let z(c) = -c - 100. Calculate z(64).
-164
Let s(v) = -2*v - 110. Give s(-34).
-42
Let n(q) = 2*q**3 - 67*q**2 - 104*q + 30. Calculate n(35).
65
Let w(o) = -94*o + 613. What is w(7)?
-45
Let q(z) = 7*z**3 - 18*z**2 - 41*z - 5. Give q(4).
-9
Let f(l) = 51*l + 608. What is f(-12)?
-4
Let g(s) = 37*s - 226. Determine g(11).
181
Let k(h) = -10*h + 68. Give k(20).
-132
Let h(l) = -289*l**3 - 4*l**2 - 5*l - 1. What is h(-1)?
289
Let a(s) = 55*s + 290. What is a(-10)?
-260
Let l(y) = -y**2 + 112*y + 2018. Calculate l(-16).
-30
Let q(i) = -i**3 - 14*i**2 + 14*i + 38. What is q(-15)?
53
Let c(l) = -121*l - 1081. Calculate c(-9).
8
Let n(y) = -y**2 - 35*y - 265. What is n(-11)?
-1
Let m(h) = h**3 - 26*h**2 - 46*h - 77. Give m(28).
203
Let h(z) = -22*z**3 + 42*z**2 + 50*z + 8. Determine h(-1).
22
Let r(v) = -2*v**2 + 140*v - 71. Determine r(69).
67
Let c(j) = j**3 + 29*j**2 + 202*j + 4015. Give c(-27).
19
Let j(n) = 56*n + 375. Determine j(-7).
-17
Let f(i) = 6*i**3 - 16*i**2 + 3*i - 26. Give f(3).
1
Let i(u) = 11*u**2 - 39*u + 13. Determine i(5).
93
Let j(l) = l**3 - 46*l**2 + 301*l + 1186. What is j(37)?
2
Let c(q) = 18*q**3 - 22*q**2 + 22*q - 1. Determine c(1).
17
Let f(d) = 3747*d + 3764. Calculate f(-1).
17
Let f(x) = -8*x**2 - 75*x + 337. Give f(5).
-238
Let q(c) = -c**3 - 66*c**2 + 1703*c - 1471. Determine q(-86).
-9
Let t(y) = -3*y**2 + 4278*y - 17076. What is t(4)?
-12
Let r(b) = -10*b**3 + 4*b**2 - 12*b - 17. Give r(3).
-287
Let r(y) = -y**3 + 4*y**2 + 4*y + 63. Give r(6).
15
Let t(d) = -d**2 - 140*d + 1665. What is t(11)?
4
Let n(r) = 32*r + 49. Give n(4).
177
Let a(u) = 14*u - 412. What is a(31)?
22
Let q(f) = -f + 8. What is q(5)?
3
Let t(m) = -35*m - 2062. Calculate t(-59).
3
Let z(p) = p**3 - 90*p**2 - 29*p - 5661. Calculate z(91).
-19
Let w(k) = -13*k**2 + 28*k + 32. Calculate w(-1).
-9
Let k(t) = t**3 + 18*t**2 - 412*t - 267. Calculate k(-31).
12
Let d(c) = -3*c**3 - 574*c**2 + 363*c - 4025. Determine d(-192).
7
Let r(s) = 7*s**2 - 5*s - 5. Calculate r(-1).
7
Let u(p) = 3*p - 27. What is u(16)?
21
Let f(u) = 3880*u - 11691. Determine f(3).
-51
Let z(r) = r**3 - 3*r**2 + 16*r - 61. What is z(7)?
247
Let n(h) = h**3 + 52*h**2 + 107*h - 108. Determine n(-50).
-458
Let l(p) = p**3 - 4*p**2 - 62*p + 18. Calculate l(10).
-2
Let x(j) = -2*j**3 - 13*j**2 - 4*j - 57. Determine x(-7).
20
Let u(w) = 12*w**2 + 394*w + 17. Give u(-33).
83
Let k(q) = -1014*q + 41574. Determine k(41).
0
Let k(z) = z**2 - 166*z + 6558. What is k(65)?
-7
Let i(h) = -2*h**3 - 80*h**2 - h + 93. Calculate i(-40).
133
Let q(h) = 2*h**3 - 128*h**2 + 170*h - 2783. What is q(63)?
-11
Let f(q) = 23*q - 2070. Determine f(90).
0
Let a(p) = 6*p**3 - 7*p**2 - 4*p + 22. Give a(3).
109
Let s(p) = p**2 - 26*p - 728. What is s(-17)?
3
Let d(v) = -101*v + 689. Give d(9).
-220
Let p(g) = 23*g - 345. Determine p(10).
-115
Let n(f) = 90*f - 1075. What is n(12)?
5
Let m(a) = a**2 - 3*a + 15. Calculate m(5).
25
Let z(g) = -1298*g - 6501. Determine z(-5).
-11
Let l(m) = -37*m**3 - 12*m**2 + 42*m + 52. Calculate l(-1).
35
Let z(g) = g**3 - 75*g**2 + 3*g - 220. Give z(75).
5
Let j(t) = 90*t - 2862. Give j(33).
108
Let s(g) = -607*g + 3043. Give s(5).
8
Let y(v) = -v**2 + 1941*v - 34615. What is y(18)?
-1
Let y(s) = -s**2 + 114*s + 869. Determine y(-8).
-107
Let y(w) = w**2 + 7*w. Calculate y(0).
0
Let z(q) = -7*q - 137. Calculate z(-3).
-116
Let o(w) = w**2 - 17*w - 10. What is o(7)?
-80
Let l(h) = h**2 + 133*h + 2866. Determine l(-27).
4
Let a(f) = f**2 - 30*f + 48. What is a(28)?
-8
Let z(b) = 224*b - 613. Give z(3).
59
Let v(g) = g**3 + 17*g**2 + 73*g - 42. Calculate v(-7).
-63
Let w(f) = -f**2 + 111*f + 834. What is w(-7)?
8
Let w(k) = -k**3 - 15*k**2 + 31*k - 47. Give w(-17).
4
Let k(q) = -67*q + 318. What is k(7)?
-151
Let y(j) = -j**3 - 7*j**2 - 30*j - 71. Give y(-9).
361
Let j(z) = -z**3 - 16*z**2 - 67*z - 13. Determine j(-6).
29
Let d(s) = s**3 + 11*s**2 + 12*s + 43. Determine d(-10).
23
Let s(y) = -y**2 + 3*y - 8. Give s(11).
-96
Let y(c) = c**3 + 21*c**2 + 119*c + 1183. Give y(-18).
13
Let q(u) = 3615*u - 25292. Determine q(7).
13
Let u(b) = -8*b**3 - 7*b**2 - 6*b + 1. Calculate u(-2).
49
Let v(w) = w**3 + 17*w**2 - 4*w - 132. What is v(-9)?
552
Let y(f) = 60*f + 835. Give y(-14).
-5
Let q(x) = x**3 - 180*x**2 + 6338*x - 271. Give q(132).
-7
Let x(h) = -28*h**2 - 124*h - 124. Calculate x(-1).
-28
Let x(r) = 54*r**2 - 2*r + 2. What is x(2)?
214
Let y(w) = -31*w + 925. Give y(30).
-5
Let t(i) = -67*i**2 - 2210*i + 31. Determine t(-33).
-2
Let f(m) = m**3 - 13*m**2 - 33*m - 32. What is f(15)?
-77
Let w(q) = q**3 + 10*q**2 - 76*q + 41. Determine w(-15).
56
Let l(t) = -23507*t + 117545. What is l(5)?
10
Let w(m) = 13*m - 239. Determine w(19).
8
Let x(i) = -152*i + 1563. What is x(11)?
-109
Let g(x) = -x**